 units digit of 5575?
5
What is the units digit of 1501?
1
What is the tens digit of 63653?
5
What is the tens digit of 11767?
6
What is the hundreds digit of 56472?
4
What is the units digit of 474?
4
What is the units digit of 591?
1
What is the units digit of 14715?
5
What is the units digit of 51356?
6
What is the thousands digit of 39314?
9
What is the hundreds digit of 630?
6
What is the ten thousands digit of 145080?
4
What is the hundreds digit of 4212?
2
What is the ten thousands digit of 53654?
5
What is the hundreds digit of 379?
3
What is the units digit of 1298?
8
What is the tens digit of 327?
2
What is the ten thousands digit of 162059?
6
What is the tens digit of 987?
8
What is the ten thousands digit of 56280?
5
What is the tens digit of 4080?
8
What is the tens digit of 1900?
0
What is the hundreds digit of 639?
6
What is the units digit of 50451?
1
What is the tens digit of 1044?
4
What is the units digit of 809?
9
What is the units digit of 5300?
0
What is the thousands digit of 2370?
2
What is the hundred thousands digit of 143056?
1
What is the ten thousands digit of 76795?
7
What is the units digit of 875?
5
What is the tens digit of 4447?
4
What is the units digit of 3631?
1
What is the hundreds digit of 37086?
0
What is the ten thousands digit of 27420?
2
What is the hundreds digit of 3273?
2
What is the hundreds digit of 3299?
2
What is the thousands digit of 4716?
4
What is the tens digit of 719?
1
What is the thousands digit of 1093?
1
What is the units digit of 3264?
4
What is the tens digit of 4308?
0
What is the thousands digit of 63219?
3
What is the units digit of 452?
2
What is the tens digit of 7653?
5
What is the hundreds digit of 406?
4
What is the tens digit of 62758?
5
What is the tens digit of 165185?
8
What is the thousands digit of 171232?
1
What is the units digit of 480?
0
What is the units digit of 11474?
4
What is the tens digit of 612?
1
What is the units digit of 3797?
7
What is the hundreds digit of 40420?
4
What is the hundreds digit of 15527?
5
What is the thousands digit of 10320?
0
What is the hundreds digit of 36330?
3
What is the units digit of 286?
6
What is the units digit of 21873?
3
What is the hundreds digit of 1065?
0
What is the tens digit of 30094?
9
What is the hundreds digit of 8923?
9
What is the units digit of 4761?
1
What is the tens digit of 1254?
5
What is the hundreds digit of 2095?
0
What is the units digit of 7566?
6
What is the hundred thousands digit of 142092?
1
What is the ten thousands digit of 109417?
0
What is the tens digit of 81?
8
What is the thousands digit of 2128?
2
What is the tens digit of 10798?
9
What is the tens digit of 18385?
8
What is the tens digit of 2205?
0
What is the ten thousands digit of 70736?
7
What is the tens digit of 1964?
6
What is the hundreds digit of 329?
3
What is the hundreds digit of 2026?
0
What is the thousands digit of 70814?
0
What is the thousands digit of 3275?
3
What is the units digit of 37795?
5
What is the units digit of 110?
0
What is the tens digit of 622?
2
What is the thousands digit of 1884?
1
What is the tens digit of 806?
0
What is the tens digit of 410?
1
What is the units digit of 8961?
1
What is the units digit of 688?
8
What is the ten thousands digit of 36189?
3
What is the tens digit of 60446?
4
What is the tens digit of 159?
5
What is the tens digit of 7758?
5
What is the units digit of 50779?
9
What is the tens digit of 95474?
7
What is the hundreds digit of 25098?
0
What is the units digit of 223?
3
What is the thousands digit of 40135?
0
What is the tens digit of 112971?
7
What is the thousands digit of 2187?
2
What is the hundreds digit of 810?
8
What is the tens digit of 1310?
1
What is the hundreds digit of 18315?
3
What is the units digit of 475?
5
What is the tens digit of 1338?
3
What is the hundreds digit of 563?
5
What is the hundreds digit of 100?
1
What is the thousands digit of 21847?
1
What is the tens digit of 14876?
7
What is the units digit of 5167?
7
What is the units digit of 8078?
8
What is the thousands digit of 32816?
2
What is the hundreds digit of 756?
7
What is the thousands digit of 24984?
4
What is the units digit of 10728?
8
What is the hundreds digit of 733?
7
What is the hundred thousands digit of 149430?
1
What is the hundreds digit of 34658?
6
What is the hundreds digit of 14919?
9
What is the ten thousands digit of 33003?
3
What is the tens digit of 777?
7
What is the tens digit of 2837?
3
What is the tens digit of 892?
9
What is the units digit of 17034?
4
What is the units digit of 114?
4
What is the ten thousands digit of 39810?
3
What is the units digit of 38743?
3
What is the hundreds digit of 16348?
3
What is the thousands digit of 17891?
7
What is the hundreds digit of 6510?
5
What is the hundreds digit of 79011?
0
What is the thousands digit of 113912?
3
What is the units digit of 4846?
6
What is the tens digit of 3587?
8
What is the hundreds digit of 119?
1
What is the hundreds digit of 3495?
4
What is the hundreds digit of 6592?
5
What is the tens digit of 1753?
5
What is the hundreds digit of 31209?
2
What is the thousands digit of 39589?
9
What is the units digit of 163824?
4
What is the units digit of 337?
7
What is the units digit of 304?
4
What is the thousands digit of 12435?
2
What is the units digit of 4623?
3
What is the hundreds digit of 3886?
8
What is the thousands digit of 75495?
5
What is the tens digit of 76167?
6
What is the tens digit of 73798?
9
What is the thousands digit of 45129?
5
What is the units digit of 237?
7
What is the ten thousands digit of 23854?
2
What is the units digit of 97683?
3
What is the units digit of 1629?
9
What is the units digit of 1058?
8
What is the ten thousands digit of 13645?
1
What is the hundreds digit of 1572?
5
What is the units digit of 15924?
4
What is the hundreds digit of 22668?
6
What is the units digit of 181?
1
What is the hundreds digit of 594?
5
What is the hundred thousands digit of 126596?
1
What is the units digit of 31473?
3
What is the thousands digit of 4952?
4
What is the hundreds digit of 118?
1
What is the thousands digit of 3438?
3
What is the hundreds digit of 820?
8
What is the hundreds digit of 6857?
8
What is the hundreds digit of 31044?
0
What is the ten thousands digit of 31393?
3
What is the tens digit of 1739?
3
What is the units digit of 11053?
3
What is the units digit of 510?
0
What is the units digit of 53286?
6
What is the units digit of 3392?
2
What is the tens digit of 18135?
3
What is the units digit of 61528?
8
What is the units digit of 733?
3
What is the ten thousands digit of 37855?
3
What is the units digit of 1084?
4
What is the tens digit of 694?
9
What is the hundreds digit of 1399?
3
What is the tens digit of 20782?
8
What is the tens digit of 671?
7
What is the units digit of 3674?
4
What is the units digit of 1781?
1
What is the thousands digit of 5931?
5
What is the tens digit of 246?
4
What is the units digit of 618?
8
What is the hundreds digit of 1077?
0
What is the units digit of 5248?
8
What is the ten thousands digit of 104571?
0
What is the units digit of 16777?
7
What is the units digit of 15062?
2
What is the thousands digit of 60471?
0
What is the thousands digit of 1249?
1
What is the tens digit of 52900?
0
What is the tens digit of 5069?
6
What is the units digit of 95681?
1
What is the hundreds digit of 5675?
6
What is the tens digit of 3991?
9
What is the ten thousands digit of 43750?
4
What is the hundreds digit of 3508?
5
What is the units digit of 4885?
5
What is the units digit of 90172?
2
What is the hundreds digit of 7232?
2
What is the tens digit of 15552?
5
What is the thousands digit of 51413?
1
What is the hundreds digit of 212?
2
What is the units digit of 12894?
4
What is the hundreds digit of 134927?
9
What is the units digit of 11626?
6
What is the units digit of 56?
6
What is the hundreds digit of 7311?
3
What is the tens digit of 2360?
6
What is the units digit of 720?
0
What is the hundreds digit of 5956?
9
What is the tens digit of 116?
1
What is the hundreds digit of 193?
1
What is the units digit of 1426?
6
What is the tens digit of 34248?
4
What is the thousands digit of 2550?
2
What is the tens digit of 2142?
4
What is the tens